of z?
8
Let y = -10042 - -14937. What is the tens digit of y?
9
Let i(b) be the third derivative of -b**6/120 + b**5/15 + 7*b**4/24 - b**3 + 21*b**2. What is the units digit of i(-5)?
4
Let j(q) = 3*q**2 - 36*q - 303. What is the thousands digit of j(-31)?
3
Suppose 2*q = -5*p + 2770, -5*p = -24*q + 20*q - 2740. What is the hundreds digit of p?
5
Let n(s) = s**2 + 4*s - 7. Let i be n(-6). Suppose 81 = i*f - 114. Suppose 10*z = 7*z + f. What is the units digit of z?
3
Suppose 0 = -6*c + 10*c - 588. Suppose c + 241 = 4*p. What is the units digit of p?
7
Suppose 185*z - 198*z + 49582 = 0. What is the tens digit of z?
1
Suppose s + 5*z = -10 - 8, -5*z = 3*s + 14. Let u be (1 - s)/(2/(-4)). Suppose 24 = 2*n - 4*g, -u*g - 34 = -4*n - g. What is the units digit of n?
8
Let u = -394 + 210. Let y = 275 + u. What is the tens digit of y?
9
Suppose 5*m + 4*l - 2350 = 0, l - 4 = 1. What is the units digit of m?
6
Let k be 3/((-60)/25 - -3). Suppose k*s + 2*d - 80 = 170, -109 = -2*s + d. What is the tens digit of s?
5
Let z = 44 - -246. What is the hundreds digit of z?
2
Let f be (-36)/8*10/(-45)*138. What is the units digit of (-3 - f/4)*(-2 + -4)?
5
Let z(v) = 7*v**2 - 38*v + 12. What is the tens digit of z(13)?
0
Suppose 10*j + 4046 = 15*j + 3*z, 0 = -4*z + 8. What is the tens digit of j?
0
Suppose -73 = -3*u + u - x, 4*u - 4*x = 152. What is the units digit of 2/8*0 + u?
7
What is the tens digit of (-20)/(-30) + 1 + (-3337)/(-3)?
1
Suppose 0 = -14*h + 9*h + 9015. What is the units digit of h?
3
Suppose -8 = -13*n + 9*n. Suppose 855 = 5*b + 5*g, -4*g = -4*b - n*g + 690. What is the units digit of b?
2
Suppose 0 = -g + 5*v + 4, 3*g + v = 4*g + 8. Let k(j) = -j**2 - 18*j - 19. What is the units digit of k(g)?
8
Let j(s) = 229*s**2 - 56*s + 79. What is the tens digit of j(5)?
2
Suppose 3*q = s - 218, 5*q + 412 = 3*s + 46. Let b = 80 - q. What is the tens digit of b?
5
Let p(r) = -6 - 3*r + r + r. Let a be p(-7). What is the units digit of 1/(-1 - (a - 3))?
1
Let f = -144 - -79. Let v = f + 99. What is the units digit of v?
4
Suppose -2284 = -4*l - 4*i + 4604, -4*l = i - 6897. What is the units digit of l?
5
Let x(q) = 30*q**2 + 13*q - 3. What is the hundreds digit of x(-3)?
2
Suppose 3*v - 4885 = 737. What is the tens digit of v?
7
Let f = -916 - -1921. What is the hundreds digit of f?
0
Let z = -114 + 314. Suppose z = 3*r + 2*r. Suppose 7*l - 2*l = -5*p + r, -3*p = l - 28. What is the units digit of p?
0
Let z be (-52)/(-13) - 0/(-1). Suppose 5*g - z*b + 0*b = 778, 4*b - 644 = -4*g. What is the hundreds digit of g?
1
Suppose -6*b - 3339 = 3*b. Let i = 542 + b. What is the tens digit of i?
7
Let a = -66 + 67. What is the units digit of (12*38/4 - 0)*a?
4
Suppose 3729 = 6*y - 13887. What is the hundreds digit of y?
9
Suppose -4*k + 0*k + 288 = 0. Let y = k + -27. What is the units digit of y?
5
Let j = 962 + -477. What is the units digit of j?
5
Let s = -177 - -622. What is the tens digit of s?
4
Suppose -5*z + 311 = 4*u, 4*u - 9*z = -6*z + 319. What is the tens digit of u?
7
Suppose -100*q + 103*q - 357 = 0. What is the units digit of q?
9
Let t = -12 + 28. Let h be (4 - 3 - 1)/2. Let v = t + h. What is the tens digit of v?
1
Suppose -20*h + 16*h - 6 = -2*f, -2*h + 49 = 3*f. What is the units digit of f?
3
Let z be (7 + 0)*720/42. Suppose -3*q = 3*x - 4*x + 30, 4*x - z = -5*q. Suppose -5*c - x = -85. What is the units digit of c?
1
Let l(v) = 56*v + 93. What is the tens digit of l(9)?
9
Suppose -4*v = 5*j - 6992, -5*j + 3013 + 3973 = 2*v. What is the tens digit of j?
9
Let z be 3/(5*(-2)/(-10)). Suppose 5*d + 4*u - 169 - 307 = 0, 3*d - z*u - 291 = 0. What is the tens digit of d?
9
What is the tens digit of 18/5*(-28670)/(-141)?
3
Let m = -29 - -28. What is the tens digit of (-352)/(-10) - m*(-7)/35?
3
Let y = 36 + -28. Suppose 5*j = y + 47. What is the units digit of j?
1
What is the units digit of (-1 + (4 - 7))*301/(-2)?
2
Let n = 283 - 195. Let d = n + -13. What is the tens digit of d?
7
Let x(o) = 11*o**2 + 6*o + 2. Suppose -5*m - 4 = 6. What is the units digit of x(m)?
4
Let l(b) = 864*b - 812. What is the tens digit of l(6)?
7
Let o(q) = -q**3 + 21*q**2 + 68*q + 36. What is the hundreds digit of o(21)?
4
Let j(r) = -r**2 + 2*r + 168. Suppose 0 = f - 3*f + f. What is the hundreds digit of j(f)?
1
Suppose 25 = 5*g, -2*z - g - 3339 = -6*z. What is the tens digit of z?
3
What is the hundreds digit of ((-39)/(-9) - 1)*3264/40?
2
Suppose y = 4*u - 1727, -2*y + 5*y - 15 = 0. What is the hundreds digit of u?
4
Suppose -215*c + 182*c + 43131 = 0. What is the hundreds digit of c?
3
Suppose -18*u = -23*u - 50. What is the tens digit of (-532)/u + 3/(-15)?
5
What is the thousands digit of (386/3)/((-202)/(-2727))?
1
Let j(x) = -61*x + 119*x + 4 - 67*x. What is the units digit of j(-15)?
9
Suppose 0 = -22*q + 48103 + 52239. What is the thousands digit of q?
4
Suppose -v = 11*v - 2808. What is the units digit of v?
4
Let t be -21*(3 + -2 - 3). Suppose 3*w + 5*a - 49 = 5*w, 4*a = -3*w - 16. Let v = w + t. What is the units digit of v?
0
Let t(u) = -u + 6. Let i be t(4). Suppose -i*s - 3*s = -20. Suppose -n + 30 = n - 2*k, 0 = s*k - 8. What is the tens digit of n?
1
Let h be 36/(-54) + (-4)/(-6). Suppose 5*g + 22 = 62. Suppose o + o - g = h. What is the units digit of o?
4
Let z(q) = q**3 + 6*q**2 - 11*q - 4. Let x be z(6). Suppose -120 + x = u. What is the hundreds digit of u?
2
Suppose 4*c - 5*y = -2*y, 0 = c + 2*y - 11. Suppose 0 = -0*v + 3*v - 375. Suppose 2*m = -4*i + 70, -c*m + v = m + 3*i. What is the units digit of m?
9
Let a(i) = 255*i + 15. Let m be a(4). What is the units digit of 2/(-4) + m/10?
3
Let m(k) = 4*k + 5. Let o(r) = -1. Let d(y) = m(y) + 2*o(y). Let q be d(5). What is the tens digit of q/3*(-1 - -4)?
2
What is the hundreds digit of (110 + 273)*2/2?
3
Suppose -4*q + 1079 - 3471 = -k, -5*k + 11942 = -2*q. What is the hundreds digit of k?
3
Suppose 0 = 13*i - 2226 - 634. What is the hundreds digit of i?
2
Suppose -12*o = -2504 - 12496. What is the tens digit of o?
5
Let n(h) = -2*h**2 + 9*h + 17. Let m be n(9). Let a = m - -312. What is the units digit of a?
8
Suppose 0 = 6*f - 3375 + 675. Suppose 5*v + 5*v = f. What is the tens digit of v?
4
Let z(n) = n**2 + 16. What is the tens digit of z(-13)?
8
Suppose -30*f + 739 = 5*b - 26*f, -4*b = -f - 608. What is the tens digit of b?
5
Let f be 0/6*(-4)/(-8). Suppose -2*i - 5*s + 55 = f, 4*i + 0*s + 2*s - 134 = 0. What is the tens digit of i?
3
Let r(w) = -w**3 + 16*w**2 + 7*w - 10. Let m be r(11). Suppose -9*s + m = -s. What is the tens digit of s?
8
Suppose 0*j + 1 = 3*j - 2*g, -4*j = -4*g + 4. Let y be 168/(-35)*(2 + (-16)/3). Suppose -p - j = -y. What is the units digit of p?
3
Let k(g) = -6*g. Let c be k(6). What is the tens digit of ((-220)/12 + -5)*c/10?
8
Let w = -836 + 1460. What is the units digit of w?
4
Suppose 0 = 8*u + 43 + 5. Let p(k) = k**2 - 2*k - 22. What is the units digit of p(u)?
6
Suppose -4*q + 4 = 48. Let h(p) = -3*p**2 + 23*p + 27. Let z(x) = x**2 - 8*x - 9. Let m(u) = q*z(u) - 4*h(u). What is the tens digit of m(8)?
2
What is the hundreds digit of (233 + 0 + 1)/(-3 + 4)?
2
Let o be ((-10)/15)/((-1)/6). Let y = o - 2. Suppose 0 = y*j + 14 - 36. What is the tens digit of j?
1
Let g(q) = q**2 + 17*q + 18. Let u(i) = i**2 - 23*i + 26. Let s be u(21). What is the units digit of g(s)?
2
What is the units digit of ((-2481)/9)/((-8)/24)?
7
Let y(n) = 56*n**2 + 31*n - 165. What is the units digit of y(6)?
7
Suppose -5*d + 2*c - 32 = 5*c, -d - 5*c - 24 = 0. What is the hundreds digit of d/(-22) - -28*(-160)/(-44)?
1
Let v(b) = -3*b**3 + 9*b**2 + b - 2. Let x(j) = -3*j**3 - 2*j + j**3 + 5*j**3 + j**3 + 1 - 10*j**2. Let c(r) = 3*v(r) + 2*x(r). What is the units digit of c(5)?
1
Suppose 2970 - 17358 = -33*q. What is the units digit of q?
6
Let k(u) = 2*u**2 + 2*u. Let j be k(1). Suppose 0*v = -4*a + 5*v + 819, 4*a - j*v = 820. What is the units digit of a?
6
Let s = -23 + 4. Let c(i) = i**3 + 18*i**2 - 22*i - 26. What is the tens digit of c(s)?
3
Let y = 8130 - 3882. Suppose -8*p - y = -26*p. What is the tens digit of p?
3
Suppose -2*g + 441 = -y, y + 894 = 4*g + 3*y. What is the hundreds digit of g?
2
Let k be ((-24)/20)/(10/(-25)). Suppose -3*a + 1 = k*h - 8, 4*a - h = -8. What is th